 + 2 = -f - 4*w. Suppose 3*m + 237 = f*m. Is m composite?
False
Let t(u) = 9*u**2 - 3*u + 6. Let i be t(5). Suppose 0 = 3*a + 5*h - i, 2*h + 454 = 5*a + 125. Is a prime?
True
Suppose 505 - 135 = 2*s. Is s a composite number?
True
Let f(g) = g. Let k(t) = -7*t**2 - 6*t - 5. Let s(m) = -4*f(m) - k(m). Is s(6) a composite number?
False
Suppose -6*l - 4*g = -3*l - 29, 20 = 4*l - 4*g. Suppose -l*o + 40 = q - 4*o, -5*o - 143 = -4*q. Let c = 59 - q. Is c a prime number?
False
Let j(d) = d**3 + 9*d**2 - 4*d - 11. Is j(6) composite?
True
Let k(j) = -2*j - 6. Let d be k(-8). Let a = 63 - d. Is a prime?
True
Let g be 2/8 + 26/(-8). Let q be ((-8)/g)/(2/3). Suppose q*f - 120 = 92. Is f a composite number?
False
Suppose 10*i - 16*i + 7014 = 0. Is i prime?
False
Suppose -3*x - 174 = -3*w, -2*w + 82 = 5*x - 13. Is w prime?
False
Let o = -30 + 56. Suppose 3*q = 2*d - 3*d - 1, -o = -2*d + q. Is d prime?
True
Let v(p) = p**3 + p**2 + 2*p + 1. Let h(b) = -4*b**3 - 4*b**2 - 9*b - 4. Let t(r) = -4*h(r) - 18*v(r). Is t(-2) prime?
False
Let g(h) = -h**3 - 6*h**2 + 14*h + 5. Is g(-9) a prime number?
False
Suppose 2*h - 2*i - 432 = 0, 4*h + 344 - 1183 = -i. Is h composite?
False
Suppose -m - 4*r = -75 - 24, m - 5*r - 72 = 0. Is m a composite number?
True
Let h(m) = 2*m**3 + 2*m**2 - 1. Let s be h(1). Let n(v) = 3*v - 2. Is n(s) prime?
True
Is 1 + 5/(-10) + (-2385)/(-2) a prime number?
True
Let c = 7106 - 337. Is c prime?
False
Let o(l) = -3*l - 3. Let w(y) = -8*y. Let b be w(1). Is o(b) composite?
True
Suppose -4*y - 3*h - 3 = y, 0 = -y + 3*h + 3. Let p(o) = -3*o - 1. Let n be p(-2). Suppose y*x - n*x = -70. Is x a composite number?
True
Let f(k) = k + 12. Let n be f(-8). Suppose 0*l + 796 = n*l. Is l a prime number?
True
Let o(d) = -d**2 - 16*d - 7. Is o(-8) prime?
False
Let c be (1 - 4) + 5 + -1. Is 19/c*(1 - 0) a prime number?
True
Suppose -5*x + 20 = f, -4*x - 3 = -0*x - 3*f. Suppose 0 = 2*o + x*a - 142, -4*o - 2*a = -394 + 94. Is o a composite number?
True
Suppose 1352 - 4110 = -7*k. Is k a prime number?
False
Let l = 714 + -421. Is l composite?
False
Suppose -5*i = -712 - 2753. Suppose a - i = -2*a. Suppose 2*u - o + 4*o = 154, -3*o + a = 3*u. Is u a composite number?
True
Let z(g) = 112*g - 9. Is z(10) composite?
True
Let a = 63 - 10. Suppose 3*s - 848 = -3*g - a, -3*s = 5*g - 785. Suppose 0 = 3*v + 3*q - s, 375 = -v + 5*v + q. Is v composite?
True
Suppose 7*i - 2*i = -45. Let x be (-3)/9 - 30/i. Suppose x*c + 36 - 102 = 0. Is c a composite number?
True
Let i be 4/(-14) + 204/28. Let d = -1 + i. Suppose -g = -d*g + 105. Is g prime?
False
Let l be (2 + -1)*(-17 + 18). Suppose j + l + 4 = 0, 501 = 4*x - 5*j. Is x a composite number?
True
Let p = 3 + -1. Suppose 0 = -k - p*k - 4*t + 475, 787 = 5*k + 2*t. Is k a composite number?
False
Is 7/(-28) - (-2458)/8 a composite number?
False
Let b = 24 + -72. Let d be 143/(-5) - 8/20. Let h = d - b. Is h composite?
False
Let z = -50 + -16. Let p = z + 113. Is p a prime number?
True
Is (-1420)/(-12) - 3/9 prime?
False
Suppose 0 = -2*y + y + 14. Is (-387)/(-5) + y/(-35) prime?
False
Let v(t) = t + 3. Let i be v(-5). Let x(m) = -13*m**3 + m**2 + 1. Let s be x(i). Let w = -30 + s. Is w a prime number?
True
Is (1615/(-20))/((-3)/12) prime?
False
Let q(v) = -2*v**3 + 41*v**2 - 17*v + 43. Is q(18) a composite number?
True
Let s(w) = 64*w**2 - 1 - 35*w**2 - w + 86*w**3 - 31*w**2. Is s(2) prime?
True
Let q = -26 + 39. Suppose -3*t + 5*j + 34 + q = 0, 4*t + 4*j = 52. Is t a prime number?
False
Suppose 8 = 3*g - 2*g. Suppose 3*s = g*s - 105. Is s composite?
True
Let b be 5/(-10) - (-14)/4. Let z(a) = 8*a**3 - a + 1. Let t be z(b). Is 6/(-9) + t/6 a composite number?
True
Suppose -14*i = -3537 + 527. Is i a prime number?
False
Let w be (-21)/(-3) - (2 + 0). Suppose -b + 307 = w*y - 5*b, 2*b = -4*y + 230. Is y a prime number?
True
Let i(w) = -3*w**3 - 3*w**2 + 2*w + 4. Let h be i(-3). Let x = h + 33. Is x composite?
True
Let w = 1 - 1. Suppose r + 0*r - 2 = w. Let u(b) = 6*b - 1. Is u(r) a prime number?
True
Let a = -4 - -4. Suppose a = -o - 15 + 74. Is o a prime number?
True
Suppose 2*x - 4*w + 8 = 0, -x - 3*w + 3 = -18. Let j = -4 + x. Suppose 4*f - 39 = 5*p + 58, 0 = -j*f - 2*p + 44. Is f a prime number?
True
Suppose 5*g + 4*t - 2 = 24, 4*g - 3*t = -4. Let a = 7 + -6. Is a*-69*g/(-6) a prime number?
True
Let n = -378 + 219. Is 1/(-4) + n/(-12) composite?
False
Let k(q) = q + q**2 + 3*q**2 + 5 - 3*q**2. Let w be k(-4). Suppose -4*u + 131 = -w. Is u a composite number?
False
Let b = 8 + -4. Suppose 0 = -k + b*k - 381. Is k prime?
True
Let v = 68 + 11. Suppose 23 = j + 2*y, 0 = -3*j - 3*y + 2*y + v. Suppose 3*t + 3*a = -0*t + j, -25 = -3*t - 2*a. Is t a composite number?
False
Let l = 8 - 5. Suppose q - l = 16. Is q composite?
False
Let y = 11 + -7. Suppose -61 - 81 = -y*t + 5*z, 0 = -3*t - z + 97. Is t a composite number?
True
Suppose -8*p = 2*p - 30460. Is p a prime number?
False
Suppose -3*l = 3*j - 234, 5*l - 151 = 3*l + 3*j. Is l prime?
False
Suppose -i = -3*h + 19, -6*h + 3*i + 25 = -h. Let u(k) = k**2 - 10*k + 20. Is u(h) a composite number?
True
Let g(m) = 2*m**3 - m**2 - 2*m - 254. Let n(t) = 3*t**3 - t**2 - 3*t - 253. Let h(w) = -4*g(w) + 3*n(w). Is h(0) composite?
False
Let a(t) = -5 - 5*t + 2*t**2 - 2*t**2 + 2*t**2 + 3*t. Is a(-4) a composite number?
True
Suppose 5*a - r = 27, 5*a + 0*r + 3*r - 19 = 0. Suppose -2*f + 102 = -g, -2*g + 7*g = -a*f + 285. Is f prime?
True
Let l(u) = 4*u**2 - 6*u - 3. Let c(j) = 7*j**2 - 13*j - 6. Let b(h) = -3*c(h) + 7*l(h). Suppose 5*p + 25 = 0, 4*k - p - 3*p - 12 = 0. Is b(k) a prime number?
True
Suppose 3*t + t = -2*c + 308, 4*c = -16. Is t composite?
False
Let f = -1743 - -3322. Is f a prime number?
True
Let b = -7 - -10. Suppose 0 = 4*z + 19 - b. Is (-1 - 1)/(z/106) a prime number?
True
Let o(n) = n**2 - 8*n + 9. Let w be o(7). Suppose -6*c - w = -2*y - 2*c, 2*c - 9 = -y. Suppose 124 = 4*d + y*p, 2*p - 8 = -2*d + 52. Is d prime?
False
Let v be 16878/18 - 6/9. Let c = -450 + v. Is c composite?
False
Suppose 5*t - 2072 = t. Let l = t + -264. Is l prime?
False
Suppose 6*r - 4218 + 660 = 0. Suppose 2*b - r = 45. Is b a composite number?
True
Let v = 1 - 1. Let g = 4 + v. Suppose 0 = -c + g*b + 67, -66 - 168 = -4*c - b. Is c a prime number?
True
Suppose -3*d = -4*r - 425, -2*d = -7*d + r + 714. Suppose 5*s + 5*b = d + 132, 3*b + 55 = s. Is s a composite number?
True
Let u(f) = f**2 - f + 2. Let j be u(2). Suppose j*n - 7*n = -993. Is n prime?
True
Suppose 3*y + 2*t = -46, 2*y + 2*t + t + 34 = 0. Let d = 177 + y. Is d a prime number?
True
Let b(j) = -2*j**3 - 6*j**2 - 4*j - 6. Suppose -2*a - 4*c = -4*a - 24, -8 = -2*a - 4*c. Let d be b(a). Suppose 2*m - m + 5*s = d, 5*m - s = 236. Is m composite?
False
Suppose -5*d + 2*b - 4 = 0, -5 = 2*d + 3*b + 8. Let z be 2 - -142 - (3 + d). Suppose 0 = -3*v - v - 5*h + z, 183 = 5*v + 2*h. Is v prime?
True
Let h be (-3)/(-2)*(-14)/21. Let y be 1/(h*3/(-12)). Let s = 6 + y. Is s a prime number?
False
Suppose 0 = b - 2*b + 168. Let p = b + 23. Is p prime?
True
Let x = -52 - -86. Is x composite?
True
Suppose -353 = -2*m + 183. Suppose 3*h = -4*k + m - 23, 162 = 2*h + 2*k. Let s = h - 44. Is s a prime number?
False
Let c = 23 + -1. Suppose 3 + c = -5*y. Let p(o) = o**2 - 5*o - 3. Is p(y) a composite number?
False
Let k(y) = -34*y - 12. Let o be k(-11). Let i = o + -159. Is i a composite number?
True
Let z be ((-1020)/(-2))/(27/(-18)). Let j = z - -560. Let p = -137 + j. Is p a composite number?
False
Suppose 5*a = -2*b - b + 174, 261 = 4*b - 3*a. Suppose -2*t - 67 = -5*m + 2*m, 2*t - 2*m + 70 = 0. Let z = b + t. Is z a composite number?
True
Suppose s - 28 = 6*s + 2*k, -k = s + 8. Is (42 - -1) + (s - -7) prime?
False
Let v = -26 + 25. Is -4 + -18*9*v a composite number?
True
Suppose 0 = -6*z - 172 + 5962. Is z prime?
False
Let t(b) = -168*b + 53. Is t(-18) composite?
True
Let v = 27 + -73. Let b = 443 + v. Is b composite?
False
Suppose -3*m + 8 = m. Suppose -b - m*b + 69 = 0. Is b prime?
True
Suppose 3*w - 4*w = -11. Suppose -66 = -k + 2*a - w, -2*k - 5*a = -74. Is k composite?
False
Suppose 632 = 5*g + 67. Is g composite?
False
Let j(w) = -w + 3. Let k(b) = b - 4. Let u(s) = -2*j(s) - 3*k(s). Let m be u(7). Let c(n) = 40*n**2 + 2*n + 1. Is c(m) composite?
T